ainder when 28072346 is divided by 22.
16
What is the remainder when 3248699 is divided by 476?
475
Calculate the remainder when 4191609 is divided by 915.
909
Calculate the remainder when 323414 is divided by 1410.
524
Calculate the remainder when 51346289 is divided by 25673127.
35
What is the remainder when 52077 is divided by 948?
885
Calculate the remainder when 359533 is divided by 349.
63
Calculate the remainder when 10276221 is divided by 89.
14
What is the remainder when 411727 is divided by 146?
7
What is the remainder when 10031660 is divided by 28499?
12
Calculate the remainder when 16099680 is divided by 68802.
12
Calculate the remainder when 893883 is divided by 446925.
33
What is the remainder when 59089 is divided by 19423?
820
What is the remainder when 276921 is divided by 1810?
1801
Calculate the remainder when 14286501 is divided by 26.
21
What is the remainder when 2257169 is divided by 507?
5
What is the remainder when 1042644 is divided by 59?
55
Calculate the remainder when 62222477 is divided by 854.
37
What is the remainder when 262260 is divided by 150?
60
What is the remainder when 1059217 is divided by 1565?
1277
What is the remainder when 87090152 is divided by 62?
54
What is the remainder when 34632797 is divided by 80?
77
Calculate the remainder when 2921419 is divided by 1946.
473
Calculate the remainder when 41103 is divided by 39496.
1607
Calculate the remainder when 51041 is divided by 3107.
1329
Calculate the remainder when 428559 is divided by 333.
321
Calculate the remainder when 245093 is divided by 857.
848
What is the remainder when 9554635 is divided by 33525?
10
Calculate the remainder when 51974409 is divided by 103.
94
Calculate the remainder when 832018 is divided by 55.
33
What is the remainder when 521637 is divided by 63?
60
Calculate the remainder when 40082433 is divided by 9.
6
What is the remainder when 516538 is divided by 2317?
2164
Calculate the remainder when 17308579 is divided by 52.
15
What is the remainder when 2435141 is divided by 335?
26
Calculate the remainder when 509820 is divided by 127360.
380
Calculate the remainder when 16302 is divided by 4003.
290
Calculate the remainder when 779182 is divided by 779156.
26
Calculate the remainder when 462172 is divided by 518.
116
Calculate the remainder when 135812490 is divided by 726270.
0
What is the remainder when 1761106 is divided by 45?
31
What is the remainder when 124356744 is divided by 2215?
2214
What is the remainder when 13493940 is divided by 52?
44
Calculate the remainder when 1201183 is divided by 2787.
2773
What is the remainder when 11534670 is divided by 19?
17
Calculate the remainder when 28540043 is divided by 65.
38
Calculate the remainder when 2338620 is divided by 49755.
135
Calculate the remainder when 328572 is divided by 70.
62
Calculate the remainder when 2523398 is divided by 41.
12
What is the remainder when 45819341 is divided by 838?
15
Calculate the remainder when 135248 is divided by 167.
145
What is the remainder when 5567829 is divided by 927960?
69
What is the remainder when 269288 is divided by 269135?
153
What is the remainder when 32939633 is divided by 5551?
5550
What is the remainder when 96784 is divided by 18879?
2389
What is the remainder when 57973770 is divided by 1711?
1668
Calculate the remainder when 14764654 is divided by 4543.
4447
What is the remainder when 482623 is divided by 30134?
479
Calculate the remainder when 11546399 is divided by 14.
11
Calculate the remainder when 435700 is divided by 752.
292
Calculate the remainder when 665745395 is divided by 475193.
2
Calculate the remainder when 248863 is divided by 5866.
2491
What is the remainder when 1285744 is divided by 23?
21
What is the remainder when 32390295 is divided by 106?
87
Calculate the remainder when 1279562 is divided by 5038.
4948
Calculate the remainder when 199759 is divided by 7753.
5934
Calculate the remainder when 3062423 is divided by 10381.
28
What is the remainder when 4332867 is divided by 77372?
35
Calculate the remainder when 51960297 is divided by 92456.
25
What is the remainder when 1698363 is divided by 94?
65
Calculate the remainder when 3441649 is divided by 3619.
3599
Calculate the remainder when 84708247 is divided by 347.
342
Calculate the remainder when 1786309 is divided by 22053.
16
Calculate the remainder when 1533114 is divided by 3608.
3322
What is the remainder when 2304820 is divided by 121290?
310
Calculate the remainder when 516754 is divided by 867.
22
What is the remainder when 39190 is divided by 927?
256
Calculate the remainder when 612387 is divided by 61238.
7
Calculate the remainder when 9262259 is divided by 46544.
3
What is the remainder when 489786 is divided by 752?
234
What is the remainder when 315665 is divided by 7884?
305
What is the remainder when 459480 is divided by 459443?
37
Calculate the remainder when 71341 is divided by 199.
99
What is the remainder when 12441192 is divided by 404?
12
What is the remainder when 2959263 is divided by 89?
13
What is the remainder when 1090790 is divided by 362570?
3080
Calculate the remainder when 587512 is divided by 92.
0
What is the remainder when 15708862 is divided by 75888?
46
Calculate the remainder when 1075642 is divided by 358532.
46
Calculate the remainder when 1146710 is divided by 202.
158
What is the remainder when 68702 is divided by 3790?
482
Calculate the remainder when 26814000 is divided by 2234500.
0
Calculate the remainder when 157161 is divided by 2986.
1889
Calculate the remainder when 356811 is divided by 2427.
42
What is the remainder when 81243490 is divided by 1605?
1600
Calculate the remainder when 12886269 is divided by 867.
48
What is the remainder when 15805525 is divided by 496?
485
Calculate the remainder when 427920 is divided by 106856.
496
What is the remainder when 22922098 is divided by 83?
71
What is the remainder when 2929126 is divided by 2929121?
5
What is the remainder when 10192 is divided by 3089?
925
Calculate the remainder when 603639 is divided by 46428.
75
Calculate the remainder when 22202 is divided by 972.
818
Calculate the remainder when 642848776 is divided by 17.
15
Calculate the remainder when 111575886 is divided by 3599222.
4
Calculate the remainder when 9141351 is divided by 73.
72
Calculate the remainder when 1049384 is divided by 28.
0
Calculate the remainder when 10050229 is divided by 386547.
7
What is the remainder when 73926 is divided by 9228?
102
What is the remainder when 845306 is divided by 28115?
1856
Calculate the remainder when 28729 is divided by 14156.
417
Calculate the remainder when 374258 is divided by 280.
178
What is the remainder when 112845 is divided by 2565?
2550
Calculate the remainder when 30758 is divided by 5890.
1308
What is the remainder when 434560 is divided by 1193?
308
What is the remainder when 12313562 is divided by 17466?
32
What is the remainder when 2214865 is divided by 553712?
17
What is the remainder when 187903 is divided by 9594?
5617
Calculate the remainder when 628110 is divided by 1707.
1641
What is the remainder when 248165 is divided by 17724?
29
Calculate the remainder when 69445030 is divided by 15.
10
Calculate the remainder when 1271641 is divided by 254197.
656
Calculate the remainder when 2177607 is divided by 1847.
1841
Calculate the remainder when 15368462 is divided by 769.
766
Calculate the remainder when 982632 is divided by 22849.
125
What is the remainder when 25678707 is divided by 307?
306
Calculate the remainder when 120638935 is divided by 968.
967
Calculate the remainder when 242325 is divided by 1231.
1049
Calculate the remainder when 185970 is divided by 46171.
1286
Calculate the remainder when 320362 is divided by 35534.
556
Calculate the remainder when 1364244 is divided by 85265.
4
Calculate the remainder when 547667 is divided by 182480.
227
Calculate the remainder when 34251213 is divided by 9.
3
Calculate the remainder when 72106 is divided by 35639.
828
Calculate the remainder when 7791161 is divided by 34322.
67
What is the remainder when 19564032 is divided by 961?
955
Calculate the remainder when 1645509 is divided by 1645478.
31
Calculate the remainder when 3533 is divided by 2066.
1467
Wha